y(j) = -24*j**3 - 3*j**2 + 2*j. Give y(1).
-25
Let p(x) = -17*x + 5. Give p(2).
-29
Let l(n) = -n**3 + n**2 + 9*n - 22. Give l(0).
-22
Let a(u) = 29*u + 3. Give a(-1).
-26
Let r(p) = p**3 - 7*p**2 + 7*p - 2. Calculate r(6).
4
Let h(p) = -15*p. Calculate h(-1).
15
Let i(w) = -w**2 + 14*w - 5. Calculate i(10).
35
Let k(m) = 3*m**2 + 17*m + 2. Determine k(-4).
-18
Let c(r) = r**2 + 1. What is c(0)?
1
Let t(n) = 15*n**3 + 4*n**2 - n - 3. What is t(2)?
131
Let z(k) = k**3 - 10*k**2 + 10*k - 23. What is z(10)?
77
Let o(l) = -l**3 - 12*l**2 - 29*l + 10. What is o(-8)?
-14
Let q(k) = 2*k + 12. Calculate q(-6).
0
Let r(f) = f + 2. Calculate r(-6).
-4
Let p(i) = -56*i - 74. Determine p(-1).
-18
Let i(c) = c**2 - 12*c - 9. Calculate i(12).
-9
Let a(h) = -3*h - 31. Determine a(-7).
-10
Let c(y) = -y**3 - 24*y**2 - 13. Calculate c(-24).
-13
Let r(l) = -l**3 - 10*l**2 - 25*l - 1. What is r(-3)?
11
Let l(t) = -91*t - 2189. Determine l(-24).
-5
Let o(x) = 115*x + 224. Determine o(-2).
-6
Let w(z) = z**3 + 21*z**2 + 17*z - 71. Determine w(-20).
-11
Let t(x) = x**3 - 11*x**2 + 6*x - 3. Give t(11).
63
Let f(r) = r**3 + 6*r**2 - 4*r + 8. Determine f(-7).
-13
Let q(m) = -6*m - 3. Give q(-8).
45
Let k(o) = -o**2 - 23*o - 56. Give k(-21).
-14
Let d(h) = -h**2 - 12*h + 5. What is d(-14)?
-23
Let y(r) = 4*r**3 - 24*r**2 + r - 15. What is y(6)?
-9
Let m(v) = 2*v**3 + 3*v**2 - v - 8. Give m(4).
164
Let v(c) = -2*c**2 + 16*c - 14. Calculate v(7).
0
Let c(w) = 4*w + 11. Give c(-7).
-17
Let a(h) = 12*h - 141. Determine a(13).
15
Let j(y) = 3*y**2 + 5*y. What is j(-3)?
12
Let q(m) = 4*m + 87. Give q(-19).
11
Let i(h) = h**3 + 7*h**2 + 5*h - 6. Give i(-6).
0
Let j(u) = u**2 - 12*u - 5. Give j(12).
-5
Let m(s) = s**3 + 3*s**2 + 3*s + 1. Give m(-1).
0
Let i(z) = z + 1. Determine i(-9).
-8
Let f(p) = -2*p**3 - 7*p**2 - 11*p - 6. Determine f(-3).
18
Let o(f) = -f + 84. What is o(17)?
67
Let u(l) = -8*l**2 + 4*l - 5. Determine u(2).
-29
Let k(t) = 3*t + 7. Give k(-4).
-5
Let l(s) = 2*s + 19. Give l(-17).
-15
Let j(z) = -10*z**3 + 3*z**2 + 10*z + 15. Give j(-2).
87
Let a(v) = -23*v - 141. Give a(-10).
89
Let l(q) = q**3 + 7*q**2 + 6*q - 1. Give l(-6).
-1
Let j(l) = -l**3 - 23*l**2 - l + 7. Determine j(-23).
30
Let q(b) = b**2 - 7*b + 24. Calculate q(4).
12
Let w(h) = h**3 + 16*h**2 + 16*h + 21. Give w(-15).
6
Let a(l) = l**2 - 15*l + 23. Calculate a(13).
-3
Let k(r) = -3*r + 59. What is k(15)?
14
Let f(t) = t**2 - 14*t - 23. Calculate f(16).
9
Let w(b) = -b**3 + 12*b**2 - 12*b + 23. Calculate w(11).
12
Let h(v) = v + 5. Give h(9).
14
Let n(y) = y**3 - 6*y**2 - 6. Determine n(6).
-6
Let c(q) = -3*q + 30. What is c(6)?
12
Let w(v) = -22*v - 25. Determine w(-5).
85
Let l(c) = c**3 + 4*c**2 - 3*c - 1. Determine l(-4).
11
Let h(w) = -w - 18. Determine h(-8).
-10
Let g(y) = y**2 + 13*y + 31. Calculate g(-9).
-5
Let j(o) = 2*o**2 - 14*o + 5. Give j(7).
5
Let c(x) = 3*x - 11. Calculate c(4).
1
Let n(y) = -y**3 - 20*y**2 - 18*y - 8. Determine n(-19).
-27
Let m(j) = j**2 - 6. What is m(3)?
3
Let m(v) = v**2 - 2*v - 12. Give m(0).
-12
Let u(m) = -3*m**2 - 12*m - 1. Calculate u(-4).
-1
Let f(t) = 9*t + 271. Calculate f(-30).
1
Let c(i) = 10*i + 5. Determine c(3).
35
Let d(y) = -2*y**2 - 20*y + 41. Give d(2).
-7
Let x(n) = -2*n**2 - 13*n + 75. Give x(-10).
5
Let k(y) = -2*y**3 + 2*y + 7. What is k(4)?
-113
Let j(f) = -f**3 - 7*f**2 - 3*f + 6. Give j(-6).
-12
Let w(z) = z**2 - 13*z - 47. What is w(15)?
-17
Let g(x) = -x**2 - 16*x - 16. Calculate g(-14).
12
Let d(r) = 17*r - 768. Give d(45).
-3
Let n(d) = -2*d**3 - 48*d**2 + 56. Determine n(-24).
56
Let w(y) = 70*y**3 - 2*y**2 - y + 1. Determine w(-1).
-70
Let o(j) = -j**2 + j - 9. What is o(-4)?
-29
Let r(h) = -h**2 - 13*h - 34. Determine r(-11).
-12
Let h(g) = -g**3 - 10*g**2 - 20*g + 3. Give h(-7).
-4
Let z(u) = 35*u + 1. Give z(-1).
-34
Let m(q) = -30*q**2 - 150*q + 3. What is m(-5)?
3
Let m(v) = v**3 - v**2 - v + 12. Determine m(-4).
-64
Let n(r) = -r**2 - 4*r. Determine n(-2).
4
Let o(i) = i**2 + 17*i - 3. Calculate o(-17).
-3
Let p(d) = -d**3 + 3*d**2 + 12*d. Give p(5).
10
Let j(d) = 17*d + 7. Calculate j(-1).
-10
Let z(j) = j**2 - 14*j - 39. Determine z(16).
-7
Let m(y) = 43*y + 55. Determine m(-1).
12
Let t(j) = -2*j**2 - 75*j - 9. Calculate t(-37).
28
Let t(z) = z**3 - 5*z**2 + 2*z + 1. Give t(4).
-7
Let h(y) = 3*y**2 + 65*y + 33. What is h(-21)?
-9
Let w(c) = -6*c**3 + c**2 - 2*c - 1. What is w(-2)?
55
Let c(u) = u**2 + 3*u - 8. Determine c(3).
10
Let x(s) = s**2 - 8*s + 8. What is x(5)?
-7
Let v(l) = -l**2 - 56*l - 120. What is v(-54)?
-12
Let c(v) = -2*v**2 + 27*v - 24. What is c(11)?
31
Let a(h) = 10*h + 59. What is a(-7)?
-11
Let i(h) = 6*h**3 - 12*h**2 + h - 1. Calculate i(2).
1
Let p(l) = 3*l**3 - 68*l**2 + 46*l - 46. Determine p(22).
-2
Let z(t) = 2*t**2 - 9*t + 20. Give z(7).
55
Let h(d) = 20*d + 13. Determine h(-1).
-7
Let d(q) = -6*q - 28. Determine d(-6).
8
Let m(j) = 2*j**2 + 14*j - 27. Calculate m(-9).
9
Let z(f) = 2*f**3 - 19*f**2 - 15*f + 49. Calculate z(10).
-1
Let d(l) = 7*l - 7. Give d(-4).
-35
Let s(h) = h**3 - 15*h**2 + 12*h + 33. Give s(14).
5
Let p(r) = r**3 - 2*r**2 - 5*r + 5. Give p(3).
-1
Let n(y) = y**2 - y - 4. Determine n(-3).
8
Let a(k) = -k - 14. Give a(-11).
-3
Let j(a) = a**3 - 3*a**2 - 2*a + 2. Determine j(3).
-4
Let l(u) = -33*u - 1. What is l(-2)?
65
Let i(y) = 19*y**3 + 2*y**2 + 22*y + 20. Calculate i(-1).
-19
Let b(t) = -5*t**2 - 42*t - 1. Calculate b(-8).
15
Let n(w) = w - 6. What is n(0)?
-6
Let s(g) = -5*g - 6. Calculate s(5).
-31
Let q(i) = -8*i + 1. What is q(2)?
-15
Let k(l) = l**2 - 7*l + 7. What is k(3)?
-5
Let h(s) = 3*s + 2. What is h(3)?
11
Let g(a) = -5*a + 14. Determine g(7).
-21
Let h(w) = -w**2 - 2*w - 5. What is h(-7)?
-40
Let o(w) = 5*w**3 - 4*w**2 + 2*w + 2. Calculate o(2).
30
Let g(l) = -l - 21. What is g(-24)?
3
Let c(k) = k + 5. Give c(3).
8
Let y(l) = l**2 + 14*l - 9. Calculate y(-14).
-9
Let j(h) = -2*h**2 + 14*h - 7. What is j(7)?
-7
Let z(p) = p**3 - 10*p**2 - 12*p + 16. Give z(11).
5
Let g(r) = 4*r**2 - 6*r + 1. Determine g(2).
5
Let d(j) = 2*j**2 - j + 10. Give d(5).
55
Let t(v) = -v**2 + 19*v + 7. Give t(17).
41
Let g(r) = -r**3 + 2*r**2 + 8*r - 7. What is g(3)?
8
Let d(b) = -3*b**2 + 9*b + 54. Calculate d(-4).
-30
Let k(l) = -2*l**2 + 107*l - 347. Give k(50).
3
Let f(b) = -19*b + 66. Determine f(4).
-10
Let c(q) = 2*q**2 - 16*q + 25. Give c(5).
-5
Let a(s) = -s**3 - 9*s**2 - 11*s - 9. Calculate a(-5).
-54
Let r(t) = 2*t**3 + 6*t**2 - 2. Calculate r(-3).
-2
Let w(z) = 29*z + 29. What is w(-4)?
-87
Let f(s) = 7*s - 3. Give f(-3).
-24
Let z(j) = j**2 - 21*j - 28. Determine z(25).
72
Let k(s) = s**2 + 3*s + 2. What is k(-1)?
0
Let b(s) = -s**3 - 6*s**2 + 9*s - 11. What is b(-7)?
-25
Let v(j) = j**3 + 13*j**2 + j + 8. Calculate v(-13).
-5
Let a(d) = d**3 + 7*d**2 + 4*d + 3. Calculate a(-7).
-25
Let h(b) = b**2 + 5*b + 2. Calculate h(-1).
-2
Let y(b) = b**2 + 14*b - 20. What is y(-16)?
12
Let q(g) = -g**3 + 4*g**2 + g + 2. Calculate q(4).
6
Let o(x) = -x**3 - x**2 + 19*x - 12. Give o(0).
-12
Let z(i) = -3*i**2 + 2*i. Give z(-1).
-5
Let i(p) = -2*p**2 + 25*p + 35. Determine i(14).
-7
Let f(d) = 2*d**2 + 5*d - 37. What is f(-7)?
26
Let x(s) = s**3 + 3*s**2. Determine x(3).
54
Let i(x) = -x + 11. What is i(4)?
7
Let k(v) = 6*v - 56. Give k(8).
-8
Let b(d) = d**2 - 5*d - 31. Give b(-6).
35
Let g(a) = 2*a**2 - 29*a - 29. Calculate g(12).
-89
Let j(t) = t**3 - 27*t**2 + 49*t + 34. Calculate j(25).
9
Let v(m) = 7*m + 5. Give v(8).
61
Let a(k) = -k**3 + 2*k**2 - 4*k + 8. What is a(2)?
0
Let z(l) = l**3 + 14*l**2 - 23*l - 127. Calculate z(-15).
-7
Let d(y) = -38*y - 2. Calculate d(2).
-78
Let c(y) = -y**3 - 8*y**2 + y - 1. What is c(-8)?
-9
Let c(g) = 8*g - 30. Determine c(10).
50
Let w(i) = 39*i - 189. What is w(5)?
6
Let o(s) = 2*s**2 + 14*s - 7. What is o(-7)?
-7
Let t(x) = x**3 - 2*x**2 - 2*x - 5. Determine t(3).
-2
Let g(d) = d**3 + 2*d**2 - 10*d - 8. Determine g(-3).
13
Let w(g) = -g**2 + 39*g - 219. What is w(32)?
5
Let a(m) = -m**3 + 6*m**2 + 3. Determine a(6).
3
Let g(h) = h**2 + 7*h + 4. Give g(-6).
-2
Let f(k) = 18*k - 7. Calculate f(-6).
-115
Let w(r) = r**3 - 10*r**2 + 16*r - 4. What is w(7)?
-39
Let t(l) = -2*l. Calculate t(-7).
14
Let c(s) = 2*s - 6. Calculate c(-1